 composite number?
True
Is 132663878 composite?
True
Is 124838737 prime?
False
Is 15282595 a composite number?
True
Is 15259747 a prime number?
True
Is 155120929 a prime number?
False
Is 44082113 a composite number?
False
Is 4581437 a prime number?
False
Is 7467793 composite?
False
Is 286037351 a composite number?
True
Is 3652001 prime?
False
Is 623251 a prime number?
False
Is 31567961 composite?
False
Is 4721491 a prime number?
True
Is 1132637 a composite number?
True
Is 9867731 a prime number?
True
Is 6159829 a composite number?
True
Is 6245453 a composite number?
False
Is 116002573 prime?
False
Is 47396927 a composite number?
True
Is 2042135 composite?
True
Is 73569641 composite?
False
Is 26913233 a composite number?
False
Is 11469343 prime?
False
Is 3631139 a prime number?
True
Is 2386739 prime?
True
Is 44024921 composite?
True
Is 2486747 a prime number?
True
Is 1669461 a composite number?
True
Is 15379829 a composite number?
False
Is 114699619 a composite number?
True
Is 892991 composite?
True
Is 2984183 a prime number?
True
Is 58564139 a prime number?
True
Is 748159 prime?
False
Is 2442983 a composite number?
True
Is 19796843 a prime number?
False
Is 1504171 a composite number?
False
Is 7624553 prime?
False
Is 9468161 a prime number?
False
Is 11668459 composite?
True
Is 377351471 prime?
False
Is 5100071 a composite number?
False
Is 18608677 a prime number?
False
Is 17166649 a composite number?
False
Is 2644981 prime?
True
Is 15222041 a prime number?
True
Is 3115771 composite?
True
Is 344036579 prime?
False
Is 8798549 a composite number?
False
Is 24597227 a prime number?
True
Is 1352093 a prime number?
True
Is 5654689 composite?
False
Is 3281849 a composite number?
False
Is 14124053 composite?
True
Is 1992727 a composite number?
True
Is 18216899 a prime number?
False
Is 8505691 a composite number?
False
Is 2386918 a composite number?
True
Is 29363237 prime?
False
Is 60364633 composite?
True
Is 31550303 a prime number?
False
Is 5785159 composite?
True
Is 4295927 a prime number?
True
Is 2373137 a composite number?
True
Is 14842297 prime?
True
Is 4732957 a prime number?
False
Is 197339 composite?
False
Is 5955893 prime?
False
Is 43084489 prime?
False
Is 26200687 composite?
False
Is 65900001 composite?
True
Is 8990921 prime?
False
Is 27518113 a prime number?
False
Is 27242519 a composite number?
False
Is 44933801 a composite number?
True
Is 19380793 composite?
False
Is 286438133 a composite number?
True
Is 84509341 prime?
False
Is 1195189 composite?
False
Is 31426781 a composite number?
False
Is 3353867 a composite number?
True
Is 504698137 a composite number?
True
Is 1211429 a composite number?
True
Is 8956021 a composite number?
False
Is 284987 a composite number?
True
Is 62989949 composite?
True
Is 194809 a composite number?
False
Is 427976453 a composite number?
False
Is 49164587 prime?
False
Is 198128221 a prime number?
False
Is 1447777 prime?
True
Is 1164773 a composite number?
True
Is 825278 prime?
False
Is 106035805 prime?
False
Is 5105393 a prime number?
True
Is 17313157 prime?
False
Is 41227419 prime?
False
Is 1143469 prime?
True
Is 361526701 a prime number?
True
Is 71508863 composite?
True
Is 19129654 a prime number?
False
Is 19345903 a prime number?
False
Is 43352893 a prime number?
True
Is 11592307 a prime number?
True
Is 257369263 a prime number?
True
Is 4780891 prime?
True
Is 21436951 composite?
False
Is 236404165 prime?
False
Is 1753093 a prime number?
True
Is 41227027 prime?
False
Is 4503607 prime?
False
Is 11985157 a prime number?
False
Is 1288397 a prime number?
False
Is 109382393 a composite number?
True
Is 14903741 a composite number?
False
Is 49252153 prime?
True
Is 4299637 a composite number?
False
Is 3070981 composite?
True
Is 198359503 composite?
False
Is 5271397 a composite number?
False
Is 11674977 a prime number?
False
Is 2960231 a prime number?
True
Is 523037 composite?
True
Is 41842538 composite?
True
Is 1321501 a prime number?
False
Is 32719161 a composite number?
True
Is 1832791 composite?
False
Is 100791467 prime?
False
Is 4007697 a composite number?
True
Is 23805637 prime?
False
Is 7613 composite?
True
Is 561473 a prime number?
False
Is 9015907 prime?
False
Is 52040983 prime?
True
Is 25443202 a prime number?
False
Is 1293889 composite?
True
Is 28324847 a composite number?
False
Is 23796733 composite?
True
Is 560017 prime?
True
Is 10353053 composite?
False
Is 1675181 composite?
False
Is 12665593 a prime number?
True
Is 82820561 composite?
True
Is 16599589 a composite number?
False
Is 88392737 composite?
False
Is 1063879 composite?
True
Is 1195278587 a prime number?
False
Is 1292383 prime?
True
Is 56295509 prime?
True
Is 56739563 composite?
False
Is 460349 a composite number?
False
Is 37513187 prime?
True
Is 2311993 composite?
False
Is 2206259 composite?
True
Is 5122717 prime?
True
Is 2259179 composite?
True
Is 145685 a composite number?
True
Is 37349489 a prime number?
False
Is 75661 prime?
False
Is 1979921 a prime number?
False
Is 33695657 a composite number?
False
Is 179088871 prime?
False
Is 11943491 prime?
False
Is 1982141 composite?
True
Is 9619354 composite?
True
Is 7825949 prime?
True
Is 479421151 prime?
False
Is 636680455 composite?
True
Is 66542507 prime?
False
Is 2436463 prime?
False
Is 1995607 a composite number?
False
Is 14670431 prime?
True
Is 7374707 composite?
False
Is 9354329 a prime number?
True
Is 25989409 a composite number?
True
Is 8719693 a composite number?
True
Is 538471 composite?
False
Is 7549946 a prime number?
False
Is 30773243 composite?
True
Is 14019413 composite?
False
Is 10946819 prime?
False
Is 272649187 a composite number?
False
Is 375757 composite?
False
Is 287459827 composite?
False
Is 20554067 a prime number?
False
Is 217733519 prime?
False
Is 424381 prime?
False
Is 5645429 prime?
False
Is 238562773 a prime number?
False
Is 54005155 composite?
True
Is 5891723 prime?
False
Is 30989899 a composite number?
True
Is 3184249 a composite number?
True
Is 6473923 a prime number?
False
Is 24784967 prime?
True
Is 1134960889 a composite number?
False
Is 18409162 a prime number?
False
Is 68306783 prime?
True
Is 18683539 prime?
False
Is 4058878 a composite number?
True
Is 309570203 a composite number?
False
Is 39090641 a composite number?
False
Is 23268071 prime?
False
Is 22193123 composite?
True
Is 617905 a composite number?
True
Is 16181023 a prime number?
True
Is 165132161 prime?
True
Is 8066473 a composite number?
True
Is 1483013 composite?
True
Is 4948291 a prime number?
True
Is 884153 prime?
False
Is 1021501 a composite number?
True
Is 978215227 a prime number?
False
Is 28354943 a prime number?
False
Is 281494307 composite?
False
Is 2936053 composite?
True
Is 324743 a composite number?
False
Is 629107 a composite number?
True
Is 4493591 a prime number?
False
Is 2173243 prime?
True
Is 3752843 composite?
True
Is 169769563 a composite number?
False
Is 348484189 composite?
False
Is 80675323 a composite number?
True
Is 117388613 composite?
True
Is 4323463 prime?
False
Is 510421 prime?
False
Is 355499 a composite number?
False
Is 8500039 prime?
False
Is 86753 a prime number?
True
Is 1090665211 composite?
False
Is 2428177 prime?
False
Is 64790017 a composite number?
True
Is 36384371 a composite number?
True
Is 39049843 composite?
True
Is 33465853 prime?
True
Is 6291269 composite?
False
Is 1275877 composite?
False
Is 9912017 composite?
False
Is 5491117 prime?
True
Is 807797 a composite number?
False
Is 7933085 prime?
False
Is 611947 a composite number?
True
Is 1116301 a prime number?
True
Is 3810481 a composite number?
False
Is 78850991 a prime number?
True
Is 7415899 prime?
True
Is 100051859 composite?
False
Is 139425289 a prime number?
False
Is 5328193 a prime number?
False
Is 17823893 prime?
False
Is 3624623 composite?
True
Is 208916341 a composite number?
False
Is 3415471 a composite number?
False
Is 29715557 composite?
False
Is 24164051 composite?
False
Is 40440389 prime?
False
Is 3988171 composite?
True
Is 1463353 a composite number?
False
Is 2237243 a composite number?
True
Is 3961069 a composite number?
True
Is 270857321 composite?
True
Is 74012371 composite?
True
Is 80644223 prime?
False
Is 2871121 a composite number?
True
Is 425993 prime?
False
Is 1764291 a prime number?
Fals